e of 15?
True
Let q(y) be the first derivative of -y**4/4 - 9*y**3 + 9*y**2 - 59*y - 9. Is 21 a factor of q(-28)?
False
Let y(d) = -7*d**3 - 89*d**2 + 113*d + 29. Does 33 divide y(-20)?
False
Let y be (-3)/(-2) - (-19437)/(-38). Let i = 992 + y. Does 36 divide i?
False
Suppose 2*g = -3*v + 80491, 77963 = 5*v - 4*g - 56240. Is v a multiple of 79?
False
Let i(j) = j**3 + 7*j**2 - 5*j - 28. Let f be i(-6). Let q = 250 - f. Does 13 divide q?
False
Let t be (-4)/(-4) - (-3 + -2). Suppose -1005 = -t*f + 33. Suppose -r = -3*b - 132, -2*r + 3*b + f + 91 = 0. Is 33 a factor of r?
True
Suppose d = 5*z + 47, -12*z - 2*d + 13 = -13*z. Is 22 a factor of 4/14*-6*252/z?
False
Let h(j) = -2*j**2 + 26*j + 22. Let o be h(14). Does 28 divide 756 + 3 + 18/o?
True
Let k(z) = -z**3 - 41*z**2 + 48*z + 324. Is 25 a factor of k(-45)?
False
Suppose 0 = -2*j + 4*t + 25580, 5*j = -2*t + 7134 + 56792. Is j a multiple of 46?
False
Let x(c) = c + 23. Let h be x(-18). Let z(p) = 3*p**3 - 11*p**2 + 11*p + 12. Is 32 a factor of z(h)?
False
Let o(p) = 3*p**2 - 2*p - 2. Let s be o(-5). Suppose 0 = 633*r - 639*r + 1254. Let c = r - s. Is c a multiple of 42?
True
Let h(c) = c**2 - 3*c - 10. Let f(a) = 2*a + 12. Let v be f(-4). Suppose 12 + 16 = v*b. Is 4 a factor of h(b)?
False
Suppose -4*n + 2*t = -11074, 3*t = -4*n - t + 11092. Does 68 divide n?
False
Suppose -175*v = -176*v - 8. Is -1*v/(-4) - -418 a multiple of 32?
True
Suppose 4*w - 1392 = -4*j, -3*j - 229*w + 230*w = -1020. Is 19 a factor of j?
True
Suppose 17*l - 2109 = 16*l - 252. Is 9 a factor of l?
False
Suppose -25*m + 372 = -22*m. Suppose -4*l + m + 80 = 0. Suppose -b + 12 = r - 7, -l = -3*b + 3*r. Is 6 a factor of b?
True
Suppose 2 = -5*a - 13. Suppose 0*d + 5*i = -3*d - 46, 2*d + 2*i + 36 = 0. Is (1 - (d - a)) + 0 a multiple of 10?
True
Let k(t) = -11*t + 9. Let j be k(3). Let m = j + 3. Does 11 divide (-1 - m) + 2 + -5 + 5?
True
Let w be 522/135 - (-4)/30. Suppose -w*g = g - 1635. Is 31 a factor of g?
False
Suppose 5*c + 2*d - 1344 = 0, -2*d + 813 = 4*c - 261. Suppose 0 = -25*n + 34*n - c. Does 10 divide n?
True
Let w = 2990 - 2090. Is 12 a factor of w?
True
Let j(n) = 4*n**2 - 6*n + 5. Let f be j(1). Suppose -i - 4*l = f*i - 772, -4*l = -i + 173. Does 21 divide i?
True
Suppose 293832 = 2425*s - 2383*s. Is 33 a factor of s?
True
Suppose 0 = -b - 3*n + 4522, 17*b - 15*b + n - 9059 = 0. Is b a multiple of 23?
True
Suppose 0 = 5*v + h - 4 + 16, -4*v + 4*h = 0. Let t(b) = 10*b**2 - 9*b + 38. Let a(l) = 3*l**2 - 3*l + 13. Let u(z) = v*t(z) + 7*a(z). Does 39 divide u(11)?
False
Suppose 6*y - 5 = 19. Suppose -32 - 20 = -y*u. Let i = 40 - u. Is 8 a factor of i?
False
Suppose -447 = -3*p - 3*b, -753 = -5*p - 10*b + 13*b. Suppose 255*c - 260*c + p = 0. Is 9 a factor of c?
False
Let z be (1 - -102)/(((-28)/(-8))/7). Suppose 539 + z = 5*k. Does 71 divide k?
False
Let v be (50 - -1)*(-13)/(585/(-15)). Is (7 - 2) + (124 - v) a multiple of 4?
True
Suppose 23 = y + 3*l + 4, -2*y - l = -13. Suppose 65*i = -3*a + 68*i + 354, y*a = -i + 467. Is 9 a factor of a?
True
Let y(a) = -40*a - 113. Let q be y(-26). Suppose 5*n - q = 338. Does 10 divide n?
False
Let i be -44 - 4/(-4)*5. Is i*((-12)/(-18) - 1) a multiple of 6?
False
Is 39 a factor of (-3)/((-1410)/(-105) + -13) + 36121/1?
True
Let b(w) be the third derivative of 0*w + 0 + 2/3*w**3 + 1/24*w**4 - 15*w**2. Does 2 divide b(6)?
True
Suppose 0 = 70*l - 24*l - 477776 - 299532. Is l a multiple of 45?
False
Let s = 499 - 111. Suppose -h + s = -21. Suppose 0 = -4*g - 4*u + 1217 - h, 4*u + 832 = 4*g. Is 13 a factor of g?
False
Let s = 1000 - 380. Is 56*(-2 + s/35) a multiple of 20?
True
Let o(q) = -38*q**2 - q. Let j be o(1). Suppose 60*h = 91*h + 3038. Let i = j - h. Is 14 a factor of i?
False
Suppose 4*n - 422 = -26. Let z be n + (4 - (-4 - -10)). Suppose 4*t = 293 - z. Is 13 a factor of t?
False
Let u = 175 - 173. Suppose u*n - 103 = -3*f + 180, 2*n - 5*f = 259. Is n a multiple of 20?
False
Suppose -2*p + 4*h - 976 = 0, 0 = 4*p - 6*h + 5*h + 1952. Let y = p - -1268. Is 20 a factor of y?
True
Let b(d) be the third derivative of -d**5/20 + 7*d**4/6 - 3*d**3/2 - 2*d**2 + 43*d. Does 20 divide b(7)?
True
Let w be (1 - 15/(-9))*(-1485)/(-18). Let r(q) = -q**2 - 7*q - 6. Let s be r(-11). Let y = s + w. Does 34 divide y?
True
Let n(l) = l**3 - 5*l**2 + 2*l - 8. Let w be n(5). Suppose w = -o + 3. Does 26 divide (104/(-10))/((10/(-75))/o)?
True
Suppose -20*y - 15699 + 2579 = 0. Does 28 divide 30*(-2 + y/(-20))?
True
Suppose -h - 5*b = -19956, -2700 = -2*h + 14*b + 37308. Is h a multiple of 24?
False
Suppose -11*i + 72 = -27. Let v be 0 + (-3)/i*0. Is 17 a factor of (v + 4 + -2)*44?
False
Let x = 158 - 186. Let d = x - -48. Is d a multiple of 10?
True
Let u(t) = 159*t + 1000. Does 40 divide u(0)?
True
Let v(l) = -4*l + 64. Let w be v(0). Let h(r) = -2 + w*r - 59*r - 3 + r**2. Is h(-11) a multiple of 10?
False
Suppose 32*f - 556554 = -8*f - 34*f. Is 56 a factor of f?
False
Is 40 a factor of 250/(-1875) - ((-105602)/(-60))/(4/(-16))?
True
Let c(o) = -324 + 138 + 259 + 227 + 10*o. Does 30 divide c(23)?
False
Let m(n) = -3*n**3 - 8*n**2 - 3*n. Let h be 30/(-3 - -3 - -1). Let j be (1/(-2))/(3/h). Is 38 a factor of m(j)?
True
Suppose -102 = -3*f + 2*a + 391, -2 = -2*a. Suppose 51 + f = 12*c. Is c even?
True
Suppose 180*c + 5661240 = 408*c. Is 65 a factor of c?
True
Let k = -45 - -11. Let b = k - -28. Let l = b - -42. Is 9 a factor of l?
True
Let c = -3014 - -3256. Does 28 divide c?
False
Suppose -3*p + 4*v = -582 - 3061, 4*v = -4*p + 4876. Suppose -7*r + p = 1182. Is r a multiple of 5?
True
Suppose -5*t = -4*h + 3785, 4*t = 2 - 22. Suppose 2*x + g = 460, h = 5*x - 2*g - 210. Is x a multiple of 10?
True
Suppose -5*s = 5*t - 33095, 6311 = -3*t - s + 26168. Is 67 a factor of t?
False
Suppose -1449*k - 3*b = -1446*k - 21297, 0 = b - 2. Is 47 a factor of k?
True
Is 61 a factor of 1 + 33/(-31) - ((-578016864)/(-2139))/(-87)?
False
Let k = 120849 - 61103. Is k a multiple of 132?
False
Suppose 8 = 4*u, -4*w + 2*u - u = 14. Let z(y) = 2*y - 9*y**2 - 2*y**2 + 12*y**2 + 6 - 4*y. Does 3 divide z(w)?
True
Let f = -134 + 138. Suppose 15*x = 17*x - f. Suppose -3*m - 5*z + 41 = 0, -z = x*z + 15. Is m a multiple of 11?
True
Suppose 7*v = -6*v + 559. Let f = v + -14. Does 29 divide f?
True
Let v(k) = -k**2 + 10*k - 7. Suppose p + g = -2*p + 29, -p = 4*g - 17. Suppose 0 = 3*n - 0*n - p, 3*y + 2*n = 24. Is 17 a factor of v(y)?
True
Suppose 0 = 8*o + 13*o + 35*o - 150024. Is 57 a factor of o?
True
Suppose 0 = -0*p + 5*p - 25, -3*k - p + 167 = 0. Suppose 0 = 16*x - 18 - 14. Suppose -4*r + 240 = x*i, 3*r - 2*r - k = -2*i. Is 15 a factor of r?
False
Suppose -4*v + 3*u = -23, -u = v + 2*u + 13. Suppose 14350 = -52*q + 87*q. Suppose 3*g - v*j - q + 102 = 0, 0 = -g + j + 103. Is 16 a factor of g?
False
Let v(l) = l**3 + 2*l**2 + 15*l. Let o be v(-3). Is 30 a factor of o/21*(-9 - 26)?
True
Suppose 17323 = 4*j + 3*v - 47420, 0 = j - v - 16191. Is 148 a factor of j?
False
Let p = 491 - 491. Suppose p = -65*i + 77*i - 852. Is i a multiple of 17?
False
Let y be (-1 - 23)*-3 - -4. Suppose o + 37 = -2*p, 3*p + 4*o + y = -p. Let d(r) = r**2 + 19*r + 27. Is d(p) a multiple of 8?
False
Let p(q) = -q**3 + 21*q**2 + 25*q - 60. Let z be p(22). Suppose -888 = -3*d - z*u + 9*u, 1483 = 5*d - 4*u. Does 17 divide d?
False
Suppose -15*x - 2805792 = -103*x. Does 12 divide x?
True
Suppose 0 = -135*d + 105252 + 137883. Is d a multiple of 12?
False
Suppose -690397 = -48*m + 9*m - 27709. Is m a multiple of 38?
False
Is 16212 + (-368)/(-16) - 11 a multiple of 11?
False
Suppose 5*p - 80 = 2*o, -o = -4*p + 3*o + 64. Suppose -540 = p*m - 21*m. Is 18 a factor of m?
True
Suppose -241 = -5*y - 36. Is (-12)/((-9)/(-3))*y/(-4) a multiple of 5?
False
Suppose -18*o = a - 15*o - 2, 3*a - 14 = -5*o. Suppose 528 = -a*t + 19*t. Does 6 divide t?
True
Suppose 3*k + 5*v - 3*v = 20636, 5*v = -25. Is k a multiple of 93?
True
Is (-38768)/(-6) - 524/393 a multiple of 19?
True
Suppose 0 = 2*r - a - 2 - 9, -2*a - 2 = 0. Suppose -r*v - 5*c = -7*v + 324, 0 = -5*v - 2*c + 810. Is v a multiple of 27?
True
Let t = -460 - -566. Suppose 6*k + 5*m = 2*k + t, 3*m + 64 = 2*k. Is k a multiple of 2?
False
Suppose -2*u - 3*u = -y - 2009, 3*y = 2*u - 814. Suppose 5*g - 2*g = 2*p - 395,